{"id":180,"date":"2021-06-05T20:02:21","date_gmt":"2021-06-05T19:02:21","guid":{"rendered":"https:\/\/www.zimda-kropf.ch\/?page_id=180"},"modified":"2021-06-06T18:57:00","modified_gmt":"2021-06-06T17:57:00","slug":"unsere-geschichte","status":"publish","type":"page","link":"https:\/\/www.zimda-kropf.ch\/?page_id=180","title":{"rendered":"Unsere Geschichte"},"content":{"rendered":"\n<p class=\"has-normal-font-size\">Im Juli 2016 habe ich den grossen Schritt in die Selbstst\u00e4ndigkeit gewagt. Mit einem Pickup, einer Leiter und ein wenig Werkzeug startete ich meine Einzelunternehmung als Dachdecker \/ Zimmermann. Die Arbeiten von A-Z zu planen und zu erledigen ist eine interessante Herausforderung. Die Auftragslage war von Beginn weg bis Heute sehr gut, weshalb ich mich entschied meine Firma zu erweitern.  Ab August 2017 erhielt ich Unterst\u00fctzung von Yanik Eicher, und im Februar 2019 folgte Simon Fankhauser. Beide sind bis heute Wohnhaft im Eriz, und wir kannten uns schon vor der Zusammenarbeit.<\/p>\n\n\n\n<p class=\"has-normal-font-size\">Am 01. April 2020 wurde meine Einzelfirma in eine GmbH umgewandelt. Damit wir alle Auftr\u00e4ge fachgerecht und speditiv ausf\u00fchren konnten, verst\u00e4rkte unser Team ab Mai 2020 Markus Haldimann. Zu diesem Zeitpunkt hatten wir unser Werkzeug noch in den drei Arbeitsautos und das Material wie auch das Ger\u00fcst in mehreren kleinen Lagerr\u00e4umen verteilt. Im Herbst 2020 bezogen wir unsere grosse neue Werkstatt, bei den neuen Lagerhallen von Eicher Holzwaren auf der Schwarzenegg.<\/p>\n\n\n\n<p class=\"has-normal-font-size\">Vielen herzlichen Dank an unsere treue Kundschaft f\u00fcr die gute Zusammenarbeit.<\/p>\n\n\n\n<div class=\"wp-block-image\"><figure class=\"aligncenter size-large is-resized\"><img loading=\"lazy\" decoding=\"async\" src=\"https:\/\/www.zimda-kropf.ch\/wp-content\/uploads\/2021\/06\/OSIT8224-1024x1021.jpg\" alt=\"\" class=\"wp-image-397\" width=\"760\" height=\"757\" srcset=\"https:\/\/www.zimda-kropf.ch\/wp-content\/uploads\/2021\/06\/OSIT8224-1024x1021.jpg 1024w, https:\/\/www.zimda-kropf.ch\/wp-content\/uploads\/2021\/06\/OSIT8224-300x300.jpg 300w, https:\/\/www.zimda-kropf.ch\/wp-content\/uploads\/2021\/06\/OSIT8224-150x150.jpg 150w, https:\/\/www.zimda-kropf.ch\/wp-content\/uploads\/2021\/06\/OSIT8224-768x766.jpg 768w, https:\/\/www.zimda-kropf.ch\/wp-content\/uploads\/2021\/06\/OSIT8224-1536x1532.jpg 1536w, https:\/\/www.zimda-kropf.ch\/wp-content\/uploads\/2021\/06\/OSIT8224.jpg 1540w\" sizes=\"auto, (max-width: 760px) 100vw, 760px\" \/><\/figure><\/div>\n\n\n\n<div class=\"wp-block-image\"><figure class=\"aligncenter size-large is-resized\"><img loading=\"lazy\" decoding=\"async\" src=\"https:\/\/www.zimda-kropf.ch\/wp-content\/uploads\/2021\/06\/IMG_3760-1024x768.jpg\" alt=\"\" class=\"wp-image-398\" width=\"761\" height=\"569\"\/><\/figure><\/div>\n\n\n\n<div class=\"wp-block-image\"><figure class=\"aligncenter size-large is-resized\"><img loading=\"lazy\" decoding=\"async\" src=\"https:\/\/www.zimda-kropf.ch\/wp-content\/uploads\/2021\/06\/QKPA5102-1024x768.jpg\" alt=\"\" class=\"wp-image-400\" width=\"759\" height=\"569\" srcset=\"https:\/\/www.zimda-kropf.ch\/wp-content\/uploads\/2021\/06\/QKPA5102-1024x768.jpg 1024w, https:\/\/www.zimda-kropf.ch\/wp-content\/uploads\/2021\/06\/QKPA5102-300x225.jpg 300w, https:\/\/www.zimda-kropf.ch\/wp-content\/uploads\/2021\/06\/QKPA5102-768x576.jpg 768w, https:\/\/www.zimda-kropf.ch\/wp-content\/uploads\/2021\/06\/QKPA5102-1536x1152.jpg 1536w, https:\/\/www.zimda-kropf.ch\/wp-content\/uploads\/2021\/06\/QKPA5102.jpg 2007w\" sizes=\"auto, (max-width: 759px) 100vw, 759px\" \/><\/figure><\/div>\n","protected":false},"excerpt":{"rendered":"<p>Im Juli 2016 habe ich den grossen Schritt in die Selbstst\u00e4ndigkeit gewagt. Mit einem Pickup, einer Leiter und ein wenig Werkzeug startete ich meine Einzelunternehmung als Dachdecker \/ Zimmermann. Die &#8230;<\/p>\n","protected":false},"author":2,"featured_media":0,"parent":0,"menu_order":0,"comment_status":"closed","ping_status":"closed","template":"","meta":{"footnotes":""},"class_list":["post-180","page","type-page","status-publish","hentry"],"jetpack_sharing_enabled":true,"_links":{"self":[{"href":"https:\/\/www.zimda-kropf.ch\/index.php?rest_route=\/wp\/v2\/pages\/180","targetHints":{"allow":["GET"]}}],"collection":[{"href":"https:\/\/www.zimda-kropf.ch\/index.php?rest_route=\/wp\/v2\/pages"}],"about":[{"href":"https:\/\/www.zimda-kropf.ch\/index.php?rest_route=\/wp\/v2\/types\/page"}],"author":[{"embeddable":true,"href":"https:\/\/www.zimda-kropf.ch\/index.php?rest_route=\/wp\/v2\/users\/2"}],"replies":[{"embeddable":true,"href":"https:\/\/www.zimda-kropf.ch\/index.php?rest_route=%2Fwp%2Fv2%2Fcomments&post=180"}],"version-history":[{"count":10,"href":"https:\/\/www.zimda-kropf.ch\/index.php?rest_route=\/wp\/v2\/pages\/180\/revisions"}],"predecessor-version":[{"id":528,"href":"https:\/\/www.zimda-kropf.ch\/index.php?rest_route=\/wp\/v2\/pages\/180\/revisions\/528"}],"wp:attachment":[{"href":"https:\/\/www.zimda-kropf.ch\/index.php?rest_route=%2Fwp%2Fv2%2Fmedia&parent=180"}],"curies":[{"name":"wp","href":"https:\/\/api.w.org\/{rel}","templated":true}]}}

<p class="has-normal-font-size">Im Juli 2016 habe ich den grossen Schritt in die Selbstständigkeit gewagt. Mit einem Pickup, einer Leiter und ein wenig Werkzeug startete ich meine Einzelunternehmung als Dachdecker / Zimmermann. Die Arbeiten von A-Z zu planen und zu erledigen ist eine interessante Herausforderung. Die Auftragslage war von Beginn weg bis Heute sehr gut, weshalb ich mich entschied meine Firma zu erweitern.  Ab August 2017 erhielt ich Unterstützung von Yanik Eicher, und im Februar 2019 folgte Simon Fankhauser. Beide sind bis heute Wohnhaft im Eriz, und wir kannten uns schon vor der Zusammenarbeit.</p>



<p class="has-normal-font-size">Am 01. April 2020 wurde meine Einzelfirma in eine GmbH umgewandelt. Damit wir alle Aufträge fachgerecht und speditiv ausführen konnten, verstärkte unser Team ab Mai 2020 Markus Haldimann. Zu diesem Zeitpunkt hatten wir unser Werkzeug noch in den drei Arbeitsautos und das Material wie auch das Gerüst in mehreren kleinen Lagerräumen verteilt. Im Herbst 2020 bezogen wir unsere grosse neue Werkstatt, bei den neuen Lagerhallen von Eicher Holzwaren auf der Schwarzenegg.</p>



<p class="has-normal-font-size">Vielen herzlichen Dank an unsere treue Kundschaft für die gute Zusammenarbeit.</p>



<div class="wp-block-image"><figure class="aligncenter size-large is-resized"><img loading="lazy" decoding="async" src="https://www.zimda-kropf.ch/wp-content/uploads/2021/06/OSIT8224-1024x1021.jpg" alt="" class="wp-image-397" width="760" height="757" srcset="https://www.zimda-kropf.ch/wp-content/uploads/2021/06/OSIT8224-1024x1021.jpg 1024w, https://www.zimda-kropf.ch/wp-content/uploads/2021/06/OSIT8224-300x300.jpg 300w, https://www.zimda-kropf.ch/wp-content/uploads/2021/06/OSIT8224-150x150.jpg 150w, https://www.zimda-kropf.ch/wp-content/uploads/2021/06/OSIT8224-768x766.jpg 768w, https://www.zimda-kropf.ch/wp-content/uploads/2021/06/OSIT8224-1536x1532.jpg 1536w, https://www.zimda-kropf.ch/wp-content/uploads/2021/06/OSIT8224.jpg 1540w" sizes="auto, (max-width: 760px) 100vw, 760px" /></figure></div>



<div class="wp-block-image"><figure class="aligncenter size-large is-resized"><img loading="lazy" decoding="async" src="https://www.zimda-kropf.ch/wp-content/uploads/2021/06/IMG_3760-1024x768.jpg" alt="" class="wp-image-398" width="761" height="569"/></figure></div>



<div class="wp-block-image"><figure class="aligncenter size-large is-resized"><img loading="lazy" decoding="async" src="https://www.zimda-kropf.ch/wp-content/uploads/2021/06/QKPA5102-1024x768.jpg" alt="" class="wp-image-400" width="759" height="569" srcset="https://www.zimda-kropf.ch/wp-content/uploads/2021/06/QKPA5102-1024x768.jpg 1024w, https://www.zimda-kropf.ch/wp-content/uploads/2021/06/QKPA5102-300x225.jpg 300w, https://www.zimda-kropf.ch/wp-content/uploads/2021/06/QKPA5102-768x576.jpg 768w, https://www.zimda-kropf.ch/wp-content/uploads/2021/06/QKPA5102-1536x1152.jpg 1536w, https://www.zimda-kropf.ch/wp-content/uploads/2021/06/QKPA5102.jpg 2007w" sizes="auto, (max-width: 759px) 100vw, 759px" /></figure></div>

<p>Im Juli 2016 habe ich den grossen Schritt in die Selbstständigkeit gewagt. Mit einem Pickup, einer Leiter und ein wenig Werkzeug startete ich meine Einzelunternehmung als Dachdecker / Zimmermann. Die &#8230;</p>
