{"id":136,"date":"2021-06-05T15:39:05","date_gmt":"2021-06-05T14:39:05","guid":{"rendered":"https:\/\/www.zimda-kropf.ch\/?page_id=136"},"modified":"2021-06-11T05:43:04","modified_gmt":"2021-06-11T04:43:04","slug":"team-werkstatt","status":"publish","type":"page","link":"https:\/\/www.zimda-kropf.ch\/?page_id=136","title":{"rendered":"Team"},"content":{"rendered":"\n<p class=\"has-medium-font-size\">Unser vierk\u00f6pfiges Team ist sehr motiviert, zuverl\u00e4ssig und preiswert. Wir harmonieren super zusammen und unterst\u00fctzen uns gegenseitig bei jeder Arbeitsausf\u00fchrung.<\/p>\n\n\n\n<div class=\"wp-block-image\"><figure class=\"aligncenter size-large is-resized\"><img loading=\"lazy\" decoding=\"async\" src=\"https:\/\/www.zimda-kropf.ch\/wp-content\/uploads\/2021\/06\/ULZJ0710-1024x768.jpg\" alt=\"\" class=\"wp-image-385\" width=\"794\" height=\"595\" srcset=\"https:\/\/www.zimda-kropf.ch\/wp-content\/uploads\/2021\/06\/ULZJ0710-1024x768.jpg 1024w, https:\/\/www.zimda-kropf.ch\/wp-content\/uploads\/2021\/06\/ULZJ0710-300x225.jpg 300w, https:\/\/www.zimda-kropf.ch\/wp-content\/uploads\/2021\/06\/ULZJ0710-768x576.jpg 768w, https:\/\/www.zimda-kropf.ch\/wp-content\/uploads\/2021\/06\/ULZJ0710-1536x1152.jpg 1536w, https:\/\/www.zimda-kropf.ch\/wp-content\/uploads\/2021\/06\/ULZJ0710.jpg 2048w\" sizes=\"auto, (max-width: 794px) 100vw, 794px\" \/><figcaption>Unser Team (v.l.n.r. Simon Fankhauser, Bernhard Kropf, Markus Haldimann, Yanik Eicher)<\/figcaption><\/figure><\/div>\n\n\n\n<figure class=\"wp-block-image size-large is-resized is-style-rounded\"><img decoding=\"async\" src=\"https:\/\/www.zimda-kropf.ch\/wp-content\/uploads\/2021\/06\/IMG_4685kl-edited.jpg\" alt=\"\" class=\"wp-image-388\" width=\"229\" srcset=\"https:\/\/www.zimda-kropf.ch\/wp-content\/uploads\/2021\/06\/IMG_4685kl-edited.jpg 1079w, https:\/\/www.zimda-kropf.ch\/wp-content\/uploads\/2021\/06\/IMG_4685kl-edited-225x300.jpg 225w, https:\/\/www.zimda-kropf.ch\/wp-content\/uploads\/2021\/06\/IMG_4685kl-edited-767x1024.jpg 767w, https:\/\/www.zimda-kropf.ch\/wp-content\/uploads\/2021\/06\/IMG_4685kl-edited-768x1025.jpg 768w\" sizes=\"(max-width: 1079px) 100vw, 1079px\" \/><\/figure>\n\n\n\n<h4 class=\"has-medium-font-size wp-block-heading\">Bernhard Kropf Gesch\u00e4ftsf\u00fchrer<\/h4>\n\n\n\n<p class=\"has-medium-font-size\">Gesch\u00e4ft gegr\u00fcndet im Juli 2016<\/p>\n\n\n\n<ul class=\"has-normal-font-size wp-block-list\"><li>Gelernter Zimmermann &amp; Dachdecker<\/li><li>Gruppenleiter <\/li><li>Objektleiter <\/li><li>Handelsschule <\/li><li>PREFA Kurs<\/li><\/ul>\n\n\n\n<figure class=\"wp-block-image size-large is-resized is-style-rounded\"><img decoding=\"async\" src=\"https:\/\/www.zimda-kropf.ch\/wp-content\/uploads\/2021\/06\/CAPW2590-edited.jpg\" alt=\"\" class=\"wp-image-390\" width=\"230\" srcset=\"https:\/\/www.zimda-kropf.ch\/wp-content\/uploads\/2021\/06\/CAPW2590-edited.jpg 1129w, https:\/\/www.zimda-kropf.ch\/wp-content\/uploads\/2021\/06\/CAPW2590-edited-225x300.jpg 225w, https:\/\/www.zimda-kropf.ch\/wp-content\/uploads\/2021\/06\/CAPW2590-edited-769x1024.jpg 769w, https:\/\/www.zimda-kropf.ch\/wp-content\/uploads\/2021\/06\/CAPW2590-edited-768x1023.jpg 768w\" sizes=\"(max-width: 1129px) 100vw, 1129px\" \/><\/figure>\n\n\n\n<h4 class=\"has-medium-font-size wp-block-heading\">Markus Haldimann<\/h4>\n\n\n\n<p class=\"has-normal-font-size\">Im Team seit Mai 2020<\/p>\n\n\n\n<ul class=\"has-normal-font-size wp-block-list\"><li>Gelernter Dachdecker<\/li><li>Fassadenbauer<\/li><li>Flachdachspezialist<\/li><li>PREFA Kurs<\/li><li>Kranf\u00fchrer<\/li><\/ul>\n\n\n\n<figure class=\"wp-block-image size-large is-resized is-style-rounded\"><img decoding=\"async\" src=\"https:\/\/www.zimda-kropf.ch\/wp-content\/uploads\/2021\/06\/PZTH2080-edited.jpg\" alt=\"\" class=\"wp-image-392\" width=\"226\" srcset=\"https:\/\/www.zimda-kropf.ch\/wp-content\/uploads\/2021\/06\/PZTH2080-edited.jpg 1173w, https:\/\/www.zimda-kropf.ch\/wp-content\/uploads\/2021\/06\/PZTH2080-edited-226x300.jpg 226w, https:\/\/www.zimda-kropf.ch\/wp-content\/uploads\/2021\/06\/PZTH2080-edited-770x1024.jpg 770w, https:\/\/www.zimda-kropf.ch\/wp-content\/uploads\/2021\/06\/PZTH2080-edited-768x1021.jpg 768w, https:\/\/www.zimda-kropf.ch\/wp-content\/uploads\/2021\/06\/PZTH2080-edited-1155x1536.jpg 1155w\" sizes=\"(max-width: 1173px) 100vw, 1173px\" \/><\/figure>\n\n\n\n<h4 class=\"has-medium-font-size wp-block-heading\">Simon Fankhauser<\/h4>\n\n\n\n<p class=\"has-normal-font-size\">Im Team seit Februar 2019<\/p>\n\n\n\n<ul class=\"has-normal-font-size wp-block-list\"><li>Gelernter Dachdecker<\/li><\/ul>\n\n\n\n<figure class=\"wp-block-image size-large is-resized is-style-rounded\"><img decoding=\"async\" src=\"https:\/\/www.zimda-kropf.ch\/wp-content\/uploads\/2021\/06\/EZUW4607-edited.jpg\" alt=\"\" class=\"wp-image-394\" width=\"226\" srcset=\"https:\/\/www.zimda-kropf.ch\/wp-content\/uploads\/2021\/06\/EZUW4607-edited.jpg 1104w, https:\/\/www.zimda-kropf.ch\/wp-content\/uploads\/2021\/06\/EZUW4607-edited-225x300.jpg 225w, https:\/\/www.zimda-kropf.ch\/wp-content\/uploads\/2021\/06\/EZUW4607-edited-767x1024.jpg 767w, https:\/\/www.zimda-kropf.ch\/wp-content\/uploads\/2021\/06\/EZUW4607-edited-768x1025.jpg 768w\" sizes=\"(max-width: 1104px) 100vw, 1104px\" \/><\/figure>\n\n\n\n<h4 class=\"has-medium-font-size wp-block-heading\">Yanik Eicher<\/h4>\n\n\n\n<p class=\"has-normal-font-size\">Im Team seit August 2017<\/p>\n\n\n\n<ul class=\"has-normal-font-size wp-block-list\"><li>Gelernter Dachdecker<\/li><\/ul>\n","protected":false},"excerpt":{"rendered":"<p>Unser vierk\u00f6pfiges Team ist sehr motiviert, zuverl\u00e4ssig und preiswert. Wir harmonieren super zusammen und unterst\u00fctzen uns gegenseitig bei jeder Arbeitsausf\u00fchrung. Bernhard Kropf Gesch\u00e4ftsf\u00fchrer Gesch\u00e4ft gegr\u00fcndet im Juli 2016 Gelernter Zimmermann &#8230;<\/p>\n","protected":false},"author":2,"featured_media":0,"parent":0,"menu_order":0,"comment_status":"closed","ping_status":"closed","template":"","meta":{"footnotes":""},"class_list":["post-136","page","type-page","status-publish","hentry"],"jetpack_sharing_enabled":true,"_links":{"self":[{"href":"https:\/\/www.zimda-kropf.ch\/index.php?rest_route=\/wp\/v2\/pages\/136","targetHints":{"allow":["GET"]}}],"collection":[{"href":"https:\/\/www.zimda-kropf.ch\/index.php?rest_route=\/wp\/v2\/pages"}],"about":[{"href":"https:\/\/www.zimda-kropf.ch\/index.php?rest_route=\/wp\/v2\/types\/page"}],"author":[{"embeddable":true,"href":"https:\/\/www.zimda-kropf.ch\/index.php?rest_route=\/wp\/v2\/users\/2"}],"replies":[{"embeddable":true,"href":"https:\/\/www.zimda-kropf.ch\/index.php?rest_route=%2Fwp%2Fv2%2Fcomments&post=136"}],"version-history":[{"count":14,"href":"https:\/\/www.zimda-kropf.ch\/index.php?rest_route=\/wp\/v2\/pages\/136\/revisions"}],"predecessor-version":[{"id":545,"href":"https:\/\/www.zimda-kropf.ch\/index.php?rest_route=\/wp\/v2\/pages\/136\/revisions\/545"}],"wp:attachment":[{"href":"https:\/\/www.zimda-kropf.ch\/index.php?rest_route=%2Fwp%2Fv2%2Fmedia&parent=136"}],"curies":[{"name":"wp","href":"https:\/\/api.w.org\/{rel}","templated":true}]}}

<p class="has-medium-font-size">Unser vierköpfiges Team ist sehr motiviert, zuverlässig und preiswert. Wir harmonieren super zusammen und unterstützen uns gegenseitig bei jeder Arbeitsausführung.</p>



<div class="wp-block-image"><figure class="aligncenter size-large is-resized"><img loading="lazy" decoding="async" src="https://www.zimda-kropf.ch/wp-content/uploads/2021/06/ULZJ0710-1024x768.jpg" alt="" class="wp-image-385" width="794" height="595" srcset="https://www.zimda-kropf.ch/wp-content/uploads/2021/06/ULZJ0710-1024x768.jpg 1024w, https://www.zimda-kropf.ch/wp-content/uploads/2021/06/ULZJ0710-300x225.jpg 300w, https://www.zimda-kropf.ch/wp-content/uploads/2021/06/ULZJ0710-768x576.jpg 768w, https://www.zimda-kropf.ch/wp-content/uploads/2021/06/ULZJ0710-1536x1152.jpg 1536w, https://www.zimda-kropf.ch/wp-content/uploads/2021/06/ULZJ0710.jpg 2048w" sizes="auto, (max-width: 794px) 100vw, 794px" /><figcaption>Unser Team (v.l.n.r. Simon Fankhauser, Bernhard Kropf, Markus Haldimann, Yanik Eicher)</figcaption></figure></div>



<figure class="wp-block-image size-large is-resized is-style-rounded"><img decoding="async" src="https://www.zimda-kropf.ch/wp-content/uploads/2021/06/IMG_4685kl-edited.jpg" alt="" class="wp-image-388" width="229" srcset="https://www.zimda-kropf.ch/wp-content/uploads/2021/06/IMG_4685kl-edited.jpg 1079w, https://www.zimda-kropf.ch/wp-content/uploads/2021/06/IMG_4685kl-edited-225x300.jpg 225w, https://www.zimda-kropf.ch/wp-content/uploads/2021/06/IMG_4685kl-edited-767x1024.jpg 767w, https://www.zimda-kropf.ch/wp-content/uploads/2021/06/IMG_4685kl-edited-768x1025.jpg 768w" sizes="(max-width: 1079px) 100vw, 1079px" /></figure>



<h4 class="has-medium-font-size wp-block-heading">Bernhard Kropf Geschäftsführer</h4>



<p class="has-medium-font-size">Geschäft gegründet im Juli 2016</p>



<ul class="has-normal-font-size wp-block-list"><li>Gelernter Zimmermann &amp; Dachdecker</li><li>Gruppenleiter </li><li>Objektleiter </li><li>Handelsschule </li><li>PREFA Kurs</li></ul>



<figure class="wp-block-image size-large is-resized is-style-rounded"><img decoding="async" src="https://www.zimda-kropf.ch/wp-content/uploads/2021/06/CAPW2590-edited.jpg" alt="" class="wp-image-390" width="230" srcset="https://www.zimda-kropf.ch/wp-content/uploads/2021/06/CAPW2590-edited.jpg 1129w, https://www.zimda-kropf.ch/wp-content/uploads/2021/06/CAPW2590-edited-225x300.jpg 225w, https://www.zimda-kropf.ch/wp-content/uploads/2021/06/CAPW2590-edited-769x1024.jpg 769w, https://www.zimda-kropf.ch/wp-content/uploads/2021/06/CAPW2590-edited-768x1023.jpg 768w" sizes="(max-width: 1129px) 100vw, 1129px" /></figure>



<h4 class="has-medium-font-size wp-block-heading">Markus Haldimann</h4>



<p class="has-normal-font-size">Im Team seit Mai 2020</p>



<ul class="has-normal-font-size wp-block-list"><li>Gelernter Dachdecker</li><li>Fassadenbauer</li><li>Flachdachspezialist</li><li>PREFA Kurs</li><li>Kranführer</li></ul>



<figure class="wp-block-image size-large is-resized is-style-rounded"><img decoding="async" src="https://www.zimda-kropf.ch/wp-content/uploads/2021/06/PZTH2080-edited.jpg" alt="" class="wp-image-392" width="226" srcset="https://www.zimda-kropf.ch/wp-content/uploads/2021/06/PZTH2080-edited.jpg 1173w, https://www.zimda-kropf.ch/wp-content/uploads/2021/06/PZTH2080-edited-226x300.jpg 226w, https://www.zimda-kropf.ch/wp-content/uploads/2021/06/PZTH2080-edited-770x1024.jpg 770w, https://www.zimda-kropf.ch/wp-content/uploads/2021/06/PZTH2080-edited-768x1021.jpg 768w, https://www.zimda-kropf.ch/wp-content/uploads/2021/06/PZTH2080-edited-1155x1536.jpg 1155w" sizes="(max-width: 1173px) 100vw, 1173px" /></figure>



<h4 class="has-medium-font-size wp-block-heading">Simon Fankhauser</h4>



<p class="has-normal-font-size">Im Team seit Februar 2019</p>



<ul class="has-normal-font-size wp-block-list"><li>Gelernter Dachdecker</li></ul>



<figure class="wp-block-image size-large is-resized is-style-rounded"><img decoding="async" src="https://www.zimda-kropf.ch/wp-content/uploads/2021/06/EZUW4607-edited.jpg" alt="" class="wp-image-394" width="226" srcset="https://www.zimda-kropf.ch/wp-content/uploads/2021/06/EZUW4607-edited.jpg 1104w, https://www.zimda-kropf.ch/wp-content/uploads/2021/06/EZUW4607-edited-225x300.jpg 225w, https://www.zimda-kropf.ch/wp-content/uploads/2021/06/EZUW4607-edited-767x1024.jpg 767w, https://www.zimda-kropf.ch/wp-content/uploads/2021/06/EZUW4607-edited-768x1025.jpg 768w" sizes="(max-width: 1104px) 100vw, 1104px" /></figure>



<h4 class="has-medium-font-size wp-block-heading">Yanik Eicher</h4>



<p class="has-normal-font-size">Im Team seit August 2017</p>



<ul class="has-normal-font-size wp-block-list"><li>Gelernter Dachdecker</li></ul>

<p>Unser vierköpfiges Team ist sehr motiviert, zuverlässig und preiswert. Wir harmonieren super zusammen und unterstützen uns gegenseitig bei jeder Arbeitsausführung. Bernhard Kropf Geschäftsführer Geschäft gegründet im Juli 2016 Gelernter Zimmermann &#8230;</p>
